{"id":27,"date":"2020-12-07T14:00:27","date_gmt":"2020-12-07T19:00:27","guid":{"rendered":"https:\/\/radiolluvia.com\/?page_id=27"},"modified":"2020-12-07T21:13:48","modified_gmt":"2020-12-08T02:13:48","slug":"radio","status":"publish","type":"page","link":"https:\/\/radiolluvia.com\/HOME\/radio\/","title":{"rendered":"Radio"},"content":{"rendered":"\t\t<div data-elementor-type=\"wp-page\" data-elementor-id=\"27\" class=\"elementor elementor-27\">\n\t\t\t\t\t\t<section class=\"elementor-section elementor-top-section elementor-element elementor-element-07c311b elementor-section-boxed elementor-section-height-default elementor-section-height-default\" data-id=\"07c311b\" data-element_type=\"section\" data-e-type=\"section\">\n\t\t\t\t\t\t<div class=\"elementor-container elementor-column-gap-default\">\n\t\t\t\t\t<div class=\"elementor-column elementor-col-100 elementor-top-column elementor-element elementor-element-ef8a32b\" data-id=\"ef8a32b\" data-element_type=\"column\" data-e-type=\"column\">\n\t\t\t<div class=\"elementor-widget-wrap\">\n\t\t\t\t\t\t\t<\/div>\n\t\t<\/div>\n\t\t\t\t\t<\/div>\n\t\t<\/section>\n\t\t\t\t<section class=\"elementor-section elementor-top-section elementor-element elementor-element-8fd44e6 elementor-section-boxed elementor-section-height-default elementor-section-height-default\" data-id=\"8fd44e6\" data-element_type=\"section\" data-e-type=\"section\">\n\t\t\t\t\t\t<div class=\"elementor-container elementor-column-gap-default\">\n\t\t\t\t\t<div class=\"elementor-column elementor-col-100 elementor-top-column elementor-element elementor-element-ca30d5b\" data-id=\"ca30d5b\" data-element_type=\"column\" data-e-type=\"column\">\n\t\t\t<div class=\"elementor-widget-wrap elementor-element-populated\">\n\t\t\t\t\t\t<div class=\"elementor-element elementor-element-5ae04a3 elementor-widget elementor-widget-heading\" data-id=\"5ae04a3\" data-element_type=\"widget\" data-e-type=\"widget\" data-widget_type=\"heading.default\">\n\t\t\t\t<div class=\"elementor-widget-container\">\n\t\t\t\t\t<h2 class=\"elementor-heading-title elementor-size-default\">ORIGEN DE LA RADIODIFUSORA LLUVIA F.M. LA CIUDAD DE PI\u00d1AS<\/h2>\t\t\t\t<\/div>\n\t\t\t\t<\/div>\n\t\t\t\t\t<\/div>\n\t\t<\/div>\n\t\t\t\t\t<\/div>\n\t\t<\/section>\n\t\t\t\t<section class=\"elementor-section elementor-top-section elementor-element elementor-element-7850297 elementor-section-boxed elementor-section-height-default elementor-section-height-default\" data-id=\"7850297\" data-element_type=\"section\" data-e-type=\"section\">\n\t\t\t\t\t\t<div class=\"elementor-container elementor-column-gap-default\">\n\t\t\t\t\t<div class=\"elementor-column elementor-col-33 elementor-top-column elementor-element elementor-element-e33ff87\" data-id=\"e33ff87\" data-element_type=\"column\" data-e-type=\"column\">\n\t\t\t<div class=\"elementor-widget-wrap elementor-element-populated\">\n\t\t\t\t\t\t<div class=\"elementor-element elementor-element-104c891 elementor-widget elementor-widget-image\" data-id=\"104c891\" data-element_type=\"widget\" data-e-type=\"widget\" data-widget_type=\"image.default\">\n\t\t\t\t<div class=\"elementor-widget-container\">\n\t\t\t\t\t\t\t\t\t\t\t\t\t\t\t<img fetchpriority=\"high\" decoding=\"async\" width=\"600\" height=\"400\" src=\"https:\/\/radiolluvia.com\/wp-content\/uploads\/2020\/12\/origen.jpg\" class=\"attachment-large size-large wp-image-334\" alt=\"\" srcset=\"https:\/\/radiolluvia.com\/wp-content\/uploads\/2020\/12\/origen.jpg 600w, https:\/\/radiolluvia.com\/wp-content\/uploads\/2020\/12\/origen-300x200.jpg 300w, https:\/\/radiolluvia.com\/wp-content\/uploads\/2020\/12\/origen-360x240.jpg 360w\" sizes=\"(max-width: 600px) 100vw, 600px\" \/>\t\t\t\t\t\t\t\t\t\t\t\t\t\t\t<\/div>\n\t\t\t\t<\/div>\n\t\t\t\t\t<\/div>\n\t\t<\/div>\n\t\t\t\t<div class=\"elementor-column elementor-col-66 elementor-top-column elementor-element elementor-element-3a1b574\" data-id=\"3a1b574\" data-element_type=\"column\" data-e-type=\"column\">\n\t\t\t<div class=\"elementor-widget-wrap elementor-element-populated\">\n\t\t\t\t\t\t<div class=\"elementor-element elementor-element-a13ccef elementor-widget elementor-widget-text-editor\" data-id=\"a13ccef\" data-element_type=\"widget\" data-e-type=\"widget\" data-widget_type=\"text-editor.default\">\n\t\t\t\t<div class=\"elementor-widget-container\">\n\t\t\t\t\t\t\t\t\t<p style=\"text-align: justify;\">Todo empez\u00f3 con una idea, la atrapamos y a s\u00ed tan similar como el origen como el ingenio humano, crea o se inventa con el af\u00e1n de procurarse d\u00edas plenos en lo personal y para provecho colectivo. El calendario del tiempo desdobla cada p\u00e1gina del a\u00f1o 1997, Pi\u00f1as, cant\u00f3n progresista, eje comercial en eminente proceso de expansi\u00f3n y desarrollo, para aquel entonces en lo referente a medios de comunicaci\u00f3n contaba en su haber con dos radiodifusoras, una en amplitud Modulada y una en Frecuencia Modulada, y un gran n\u00famero de populares disco m\u00f3viles, de entre los que el se\u00f1or OVAR CASTILLO OCHOA, entusiasta y din\u00e1mico joven, quien desde varios a\u00f1os estaba vinculada a la proyecci\u00f3n y divulgaci\u00f3n de la m\u00fasica mediante moderna amplificaci\u00f3n, nos comenta que ante el respaldo, la simpat\u00eda y acogida demostrada por las comunidades de cada una de los rincones por donde recorr\u00eda semanalmente, naci\u00f3 la idea de una RADIODIFUSORA, que maneje nuevos esquemas y programas identificados con nuestras comunidades, lo b\u00e1sico, es apuntar en direcci\u00f3n a familiarizarse e integrar los pueblos de la regi\u00f3n a trav\u00e9s de un medio de comunicaci\u00f3n tan directo con el oyente como lo es la Radio. Bajo el esquema planteado, la idea fue madurando hasta tomar forma, primero en el c\u00edrculo de amigos y allegados, luego irradi\u00f3 la iniciativa en toda la poblaci\u00f3n, encendi\u00e9ndose la idea como un destello de luz corri\u00f3 entre los vecinos el nombre con que previamente denominamos a la radio, gust\u00f3 y no se diga m\u00e1s, se queda con RADIO LLUVIA. Desbordantes de entusiasmo comenzamos la gesti\u00f3n que nos llev\u00f3 a caminar por un campo hasta ese momento nuevo y desconocido, declara el gestor, tocamos una y otra puerta y la fortuna nos sonri\u00f3, porque en definitiva todas se abrieron gracias a recomendaciones de amistades, sugerencias de un profesional en el ramo, aspecto que se debe puntualizar era la necesidad de una radio que este con el pueblo, por eso fuimos muy receptivos, deb\u00edamos al menos inicialmente, igualar los medios existentes para luego superarlos, como es la meta de todo so\u00f1ador con los pies en la tierra, aunque cada tr\u00e1mite tardaba m\u00e1s de lo previsto, esto no se constituy\u00f3 en obst\u00e1culo para frenar nuestro empe\u00f1o, congeniamos con los contratiempos, las tensiones, el estr\u00e9s, aspectos que son propios en estos menesteres. Transcurrido el tiempo en este tedioso y largo trajinar finalmente se alcanz\u00f3 lo anhelado un 15 DE SEPTIEMBRE DEL A\u00d1O 2000 cuando aprueban y autorizan la frecuencia de la nueva Radiodifusora; de inmediato el personal t\u00e9cnico inici\u00f3 la ejecuci\u00f3n y el montaje de los equipos que para el efecto son de \u00faltima tecnolog\u00eda. De esta manera el proyectado sue\u00f1o se constituye en palpable realidad cuando un TRES DE NOVIEMBRE DEL A\u00d1O 2000, el \u00e9ter de Pi\u00f1as y la regi\u00f3n se inunda influenciada por las ondas hertzianas de la radio que acu\u00f1\u00f3 como slogan, la sabia inspiraci\u00f3n haciendo honor al nombre con que fue bautizada \u201cLLUVIA, LO MEJOR LLEGA DEL CIELO\u201d, y as\u00ed como dice el refr\u00e1n popular, no hay fecha que no se cumpla, ni plazo que no se venza, la hora cero lleg\u00f3 y el 3 de Noviembre ya es hist\u00f3rico para los Pi\u00f1asienses, al inaugurar un moderno medio de comunicaci\u00f3n cuyo objetivo es el de integrar y servir a los m\u00e1s caros intereses de los pueblos de la zona; finalmente la audici\u00f3n de prueba se dio y como la radio vino para quedarse, la tenemos presente las 24 horas de cada d\u00eda.<\/p>\t\t\t\t\t\t\t\t<\/div>\n\t\t\t\t<\/div>\n\t\t\t\t\t<\/div>\n\t\t<\/div>\n\t\t\t\t\t<\/div>\n\t\t<\/section>\n\t\t\t\t<section class=\"elementor-section elementor-top-section elementor-element elementor-element-eb0a2c3 elementor-section-boxed elementor-section-height-default elementor-section-height-default\" data-id=\"eb0a2c3\" data-element_type=\"section\" data-e-type=\"section\">\n\t\t\t\t\t\t<div class=\"elementor-container elementor-column-gap-default\">\n\t\t\t\t\t<div class=\"elementor-column elementor-col-100 elementor-top-column elementor-element elementor-element-2427aee\" data-id=\"2427aee\" data-element_type=\"column\" data-e-type=\"column\">\n\t\t\t<div class=\"elementor-widget-wrap\">\n\t\t\t\t\t\t\t<\/div>\n\t\t<\/div>\n\t\t\t\t\t<\/div>\n\t\t<\/section>\n\t\t\t\t<\/div>\n\t\t","protected":false},"excerpt":{"rendered":"<p>ORIGEN DE LA RADIODIFUSORA LLUVIA F.M. LA CIUDAD DE PI\u00d1AS Todo empez\u00f3 con una idea, la atrapamos y a s\u00ed tan similar como el origen como el ingenio humano, crea o se inventa con el af\u00e1n de procurarse d\u00edas plenos en lo personal y para provecho colectivo. El calendario del [&hellip;]<\/p>\n","protected":false},"author":3,"featured_media":0,"parent":0,"menu_order":0,"comment_status":"closed","ping_status":"closed","template":"page-templates\/template-pagebuilder-full-width.php","meta":{"footnotes":""},"class_list":["post-27","page","type-page","status-publish","hentry"],"_links":{"self":[{"href":"https:\/\/radiolluvia.com\/HOME\/wp-json\/wp\/v2\/pages\/27","targetHints":{"allow":["GET"]}}],"collection":[{"href":"https:\/\/radiolluvia.com\/HOME\/wp-json\/wp\/v2\/pages"}],"about":[{"href":"https:\/\/radiolluvia.com\/HOME\/wp-json\/wp\/v2\/types\/page"}],"author":[{"embeddable":true,"href":"https:\/\/radiolluvia.com\/HOME\/wp-json\/wp\/v2\/users\/3"}],"replies":[{"embeddable":true,"href":"https:\/\/radiolluvia.com\/HOME\/wp-json\/wp\/v2\/comments?post=27"}],"version-history":[{"count":10,"href":"https:\/\/radiolluvia.com\/HOME\/wp-json\/wp\/v2\/pages\/27\/revisions"}],"predecessor-version":[{"id":340,"href":"https:\/\/radiolluvia.com\/HOME\/wp-json\/wp\/v2\/pages\/27\/revisions\/340"}],"wp:attachment":[{"href":"https:\/\/radiolluvia.com\/HOME\/wp-json\/wp\/v2\/media?parent=27"}],"curies":[{"name":"wp","href":"https:\/\/api.w.org\/{rel}","templated":true}]}}